 -105 + 4?
-101
In base 15, what is c - -a7?
b4
In base 15, what is 4a + 0?
4a
In base 12, what is 377 - 1?
376
In base 3, what is -112 - -20211?
20022
In base 7, what is 113 + -15?
65
In base 12, what is 7 + 6?
11
In base 7, what is 54 + 162?
246
In base 11, what is 208 - 5?
203
In base 9, what is -1 + 274?
273
In base 2, what is -11001001 + -111?
-11010000
In base 10, what is -1094 - -1?
-1093
In base 15, what is -3 + 76?
73
In base 15, what is -199 + -20?
-1b9
In base 10, what is -4 + 27?
23
In base 6, what is 22 - -55?
121
In base 6, what is -204 + -5?
-213
In base 6, what is 3511 + 2?
3513
In base 3, what is -2212 - 11220?
-21202
In base 14, what is -55d + -4?
-563
In base 3, what is -2 + -212111?
-212120
In base 2, what is -11 + -1100001?
-1100100
In base 7, what is 221 + -312?
-61
In base 4, what is -113 + 2110?
1331
In base 8, what is -245 - 10?
-255
In base 11, what is -14 + 88?
74
In base 5, what is 101 - -33?
134
In base 15, what is 7a - a?
70
In base 13, what is -3685 + 4?
-3681
In base 16, what is -2bc8 + -2?
-2bca
In base 13, what is -15 + 4?
-11
In base 3, what is -1 - -2112?
2111
In base 8, what is 1734 + 0?
1734
In base 11, what is 80 + -5?
76
In base 3, what is 2 - 2121?
-2112
In base 11, what is 2 + 4?
6
In base 14, what is -4 - c4?
-c8
In base 14, what is -97 - -b?
-8a
In base 2, what is -11000111 - -111000?
-10001111
In base 6, what is -2 - -5142?
5140
In base 5, what is 1034 + -31?
1003
In base 10, what is 0 - -453?
453
In base 11, what is -54 - 5?
-59
In base 6, what is 20 + 4?
24
In base 7, what is -10 - -14?
4
In base 14, what is -43a4 + -5?
-43a9
In base 11, what is -35 - -265?
230
In base 7, what is 151 - 0?
151
In base 11, what is 5 + 295?
29a
In base 10, what is -7 - -568?
561
In base 12, what is 2246 + -3?
2243
In base 8, what is -5 - -1165?
1160
In base 6, what is 32 + -451?
-415
In base 15, what is a8 - a?
9d
In base 13, what is 3a - -8?
45
In base 11, what is -38 - 5?
-42
In base 15, what is 6 - -38?
3e
In base 6, what is 5 - 10242?
-10233
In base 13, what is 19 - 13?
6
In base 13, what is 202 - 5?
1ca
In base 5, what is -2014 - 1?
-2020
In base 16, what is 4 + 6?
a
In base 12, what is -a18 + 4?
-a14
In base 15, what is -5 - -33?
2d
In base 11, what is 18 + -6?
12
In base 8, what is -1 + -14?
-15
In base 7, what is 10 + -3340?
-3330
In base 8, what is 433 + -3?
430
In base 8, what is -362 + -24?
-406
In base 4, what is -23 - 103020?
-103103
In base 9, what is 0 - 550?
-550
In base 15, what is -3 + 198?
195
In base 8, what is 330 + 2?
332
In base 14, what is -19d + -2?
-1a1
In base 16, what is 3 + 51?
54
In base 14, what is 67d + 0?
67d
In base 2, what is -11010 - 100001011?
-100100101
In base 10, what is -2 + 139?
137
In base 10, what is 681 + 0?
681
In base 12, what is -64 + -3?
-67
In base 11, what is 20 - -11?
31
In base 3, what is -1011200 - -11?
-1011112
In base 14, what is -b - 176?
-183
In base 12, what is -1 + -50?
-51
In base 2, what is -110101 - -1001?
-101100
In base 14, what is 4 - -16c?
172
In base 9, what is 2 + -1807?
-1805
In base 13, what is 2 - 51?
-4c
In base 11, what is 3 - -139?
141
In base 3, what is -21 - -2110?
2012
In base 4, what is -23102 - -3?
-23033
In base 4, what is -232213 - 0?
-232213
In base 9, what is -58 + 23?
-35
In base 7, what is 141 - 2?
136
In base 6, what is -142 + -4?
-150
In base 9, what is 4 - 55?
-51
In base 13, what is -12c8 + 1?
-12c7
In base 6, what is -2 + -3?
-5
In base 11, what is 2061 + 0?
2061
In base 2, what is 0 + -1011001000?
-1011001000
In base 5, what is 4 - -3123?
3132
In base 5, what is -2 + -4020?
-4022
In base 15, what is -4 + 9?
5
In base 7, what is -11301 + -3?
-11304
In base 2, what is -10010101 + 101?
-10010000
In base 5, what is 1320 + -3?
1312
In base 13, what is -3 - 11a?
-120
In base 3, what is -1101222210 - -2?
-1101222201
In base 16, what is 1da + -8?
1d2
In base 13, what is -1a - 1a?
-37
In base 9, what is -42 - -74?
32
In base 11, what is -2 + -6?
-8
In base 5, what is -13 + 1310?
1242
In base 15, what is 14c + 2?
14e
In base 15, what is -5 + -2?
-7
In base 6, what is 3 + -121?
-114
In base 11, what is -3 - 41?
-44
In base 8, what is -10 - -16?
6
In base 8, what is -5 + -2706?
-2713
In base 9, what is -4 - 57?
-62
In base 10, what is -6 - 2158?
-2164
In base 3, what is 112 - -20?
202
In base 4, what is -10 - 101301?
-101311
In base 2, what is 1010010 - -1110?
1100000
In base 4, what is -100 - 0?
-100
In base 16, what is 402 + -2?
400
In base 14, what is -4d0 + 5?
-4c9
In base 3, what is 112102 - -10?
112112
In base 3, what is 111 + 120?
1001
In base 14, what is 4 + -5d?
-59
In base 10, what is -17 + -6?
-23
In base 15, what is -1 - 3?
-4
In base 5, what is -1 - -310?
304
In base 10, what is -2 + -234?
-236
In base 12, what is -60 + -3?
-63
In base 5, what is 0 - -2232?
2232
In base 15, what is 5 - -38?
3d
In base 14, what is 5 - -81?
86
In base 9, what is 11 - -107?
118
In base 3, what is -1210 - -22100?
20120
In base 10, what is 204 + -136?
68
In base 2, what is 11 - 10100101?
-10100010
In base 7, what is 1 + -355?
-354
In base 16, what is b - 37?
-2c
In base 4, what is 1 - -131?
132
In base 8, what is -2 - 61?
-63
In base 13, what is 1 - 5?
-4
In base 2, what is 0 - 101000110?
-101000110
In base 5, what is 2 + 43?
100
In base 14, what is -9 + ca?
c1
In base 12, what is 4 + -6ba?
-6b6
In base 7, what is 1 - 2260?
-2256
In base 7, what is -11 + 13?
2
In base 6, what is -1 - 444?
-445
In base 5, what is -4012 - -4?
-4003
In base 4, what is -1302 + -1?
-1303
In base 10, what is 3 + 61?
64
In base 4, what is 22122 - 0?
22122
In base 8, what is -4 + 1246?
1242
In base 16, what is -8 + b?
3
In base 11, what is 0 - -1427?
1427
In base 15, what is -1 - d1?
-d2
In base 2, what is 11000 - 1?
10111
In base 16, what is 4 - -3f?
43
In base 15, what is -16 - 2?
-18
In base 7, what is -104 - 46?
-153
In base 3, what is -2000 - -20?
-1210
In base 10, what is -6 - 71?
-77
In base 4, what is -13 + 102?
23
In base 6, what is 3 + 114153?
114200
In base 12, what is 1a + 5?
23
In base 15, what is -1062 - -5?
-105c
In base 15, what is 25 + 2?
27
In base 16, what is -4 + 11?
d
In base 7, what is -442 - 3?
-445
In base 9, what is -146 - 68?
-225
In base 14, what is 17 - -12?
29
In base 9, what is -1472 - 2?
-1474
In base 4, what is 0 - 130?
-130
In base 2, what is -110 - -10111?
10001
In base 16, what is 17 - 24?
-d
In base 3, what is 10 + -11220?
-11210
In base 7, what is 5 - -13?
21
In base 12, what is -41 - -5?
-38
In base 8, what is -30 - 653?
-703
In base 10, what is -53210 + -5?
-53215
In base 15, what is -4a + -2?
-4c
In base 2, what is 10 + 10111110?
11000000
In base 15, what is -7 - -1a6?
19e
In base 3, what is -122 - -102?
-20
In base 9, what is -83 - 3?
-86
In base 13, what is -1946 - -5?
-1941
In base 11, what is -3 - 137?
-13a
In base 14, what is -8 + 1b?
13
In base 11, what is 426 - 4?
422
In base 5, what is 2 + 1231?
1233
In base 9, what is 150 - -3?
153
In base 4, what is -22 + 1?
-21
In base 16, what is -16 + -2?
-18
In base 16, what is -2 - -4b?
49
In base 9, what is -5 + 63?
57
In base 11, what is 5 - -110?
115
In base 9, what is 4451 - -3?
4454
In base 10, what is -253 - 5?
-258
In base 9, what is -8 + -5?
-14
In base 2, what is -11000 - 1100100101?
-1100111101
In base 4, what is -30 - 100?
-130
In base 5, what is 424 - -2?
431
In base 8, what is -326 - -4?
-322
In base 15, what is 101 + 18?
119
In base 14, what is 75 + -3?
72
In base 2, what is -100100 - -101101?
1001
In base 9, what is 251 - -2?
253
In base 4, what is 11 - 22?
-11
In base 4, what is 13 - -3301?
3320
In base 13, what is 1431 - 0?
1431
In base 2, what is -100101111 - -100?
-100101011
In base 5, what is -3 + -40?
-43
In base 7, what is 16 - -106?
125
In base 16, what is 50 + 5f?
af
In base 16, what is -22 - -1d?
-5
In base 3, what is -112 + -220?
-1102
In base 16, what is 8 - 66?
-5e
In base 6, what is -134 + -455?
-1033
In base 3, what is -22100 - 122?
-22222
In base 3, what is 11 + 1210?
1221
In base 6, what is 4 + -43?
-35
In base 16, what is 1b1 - d?
1a4
In base 9, what is 2 - -7705?
7707
In base 10, what is -305 - 2?
-307
In base 2, what is -101 + -111001?
-111110
In base 15, what is 415e - 5?
4159
In base 15, what is -4 + -120?
-124
In base 16, what is c - -b6?
c2
